dreds digit of 2113?
1
What is the thousands digit of 46762?
6
What is the thousands digit of 1121?
1
What is the thousands digit of 132193?
2
What is the units digit of 107555?
5
What is the hundreds digit of 193?
1
What is the hundreds digit of 3027?
0
What is the tens digit of 6507?
0
What is the units digit of 632?
2
What is the tens digit of 32802?
0
What is the thousands digit of 30477?
0
What is the hundreds digit of 109541?
5
What is the units digit of 7816?
6
What is the units digit of 1766?
6
What is the thousands digit of 4858?
4
What is the tens digit of 42955?
5
What is the units digit of 14823?
3
What is the tens digit of 825?
2
What is the hundreds digit of 772?
7
What is the hundreds digit of 34521?
5
What is the tens digit of 1014?
1
What is the hundreds digit of 4026?
0
What is the tens digit of 3749?
4
What is the thousands digit of 21297?
1
What is the hundred thousands digit of 100247?
1
What is the hundreds digit of 23404?
4
What is the ten thousands digit of 42036?
4
What is the hundreds digit of 831?
8
What is the ten thousands digit of 12739?
1
What is the units digit of 1283?
3
What is the tens digit of 7431?
3
What is the units digit of 1578?
8
What is the hundreds digit of 1331?
3
What is the units digit of 61364?
4
What is the thousands digit of 2473?
2
What is the hundreds digit of 24391?
3
What is the units digit of 83?
3
What is the ten thousands digit of 27271?
2
What is the thousands digit of 3185?
3
What is the ten thousands digit of 12404?
1
What is the units digit of 677?
7
What is the tens digit of 835?
3
What is the hundreds digit of 572?
5
What is the units digit of 23373?
3
What is the tens digit of 989?
8
What is the thousands digit of 27997?
7
What is the units digit of 2734?
4
What is the units digit of 56063?
3
What is the tens digit of 11720?
2
What is the thousands digit of 4778?
4
What is the ten thousands digit of 22360?
2
What is the hundreds digit of 8006?
0
What is the units digit of 515?
5
What is the units digit of 6552?
2
What is the units digit of 95867?
7
What is the hundreds digit of 27125?
1
What is the units digit of 9?
9
What is the tens digit of 302?
0
What is the hundreds digit of 17985?
9
What is the hundreds digit of 22743?
7
What is the tens digit of 13605?
0
What is the units digit of 14175?
5
What is the hundreds digit of 537?
5
What is the hundreds digit of 66991?
9
What is the hundreds digit of 1293?
2
What is the hundreds digit of 59956?
9
What is the units digit of 4735?
5
What is the ten thousands digit of 21956?
2
What is the units digit of 832?
2
What is the thousands digit of 115980?
5
What is the thousands digit of 2323?
2
What is the tens digit of 7867?
6
What is the thousands digit of 1965?
1
What is the hundreds digit of 92254?
2
What is the units digit of 36133?
3
What is the tens digit of 34421?
2
What is the hundreds digit of 5129?
1
What is the units digit of 5773?
3
What is the units digit of 931?
1
What is the units digit of 608?
8
What is the tens digit of 2270?
7
What is the tens digit of 27042?
4
What is the units digit of 17016?
6
What is the tens digit of 4398?
9
What is the thousands digit of 3670?
3
What is the tens digit of 518?
1
What is the thousands digit of 33033?
3
What is the units digit of 14822?
2
What is the units digit of 7527?
7
What is the tens digit of 1055?
5
What is the units digit of 648?
8
What is the thousands digit of 3369?
3
What is the tens digit of 49327?
2
What is the tens digit of 105196?
9
What is the hundreds digit of 1894?
8
What is the hundreds digit of 17237?
2
What is the tens digit of 12570?
7
What is the tens digit of 373?
7
What is the units digit of 24604?
4
What is the hundreds digit of 3166?
1
What is the tens digit of 1141?
4
What is the units digit of 648?
8
What is the hundreds digit of 153?
1
What is the ten thousands digit of 26282?
2
What is the tens digit of 11099?
9
What is the units digit of 37087?
7
What is the units digit of 38775?
5
What is the hundreds digit of 43659?
6
What is the tens digit of 772?
7
What is the tens digit of 59220?
2
What is the tens digit of 7698?
9
What is the tens digit of 1940?
4
What is the hundreds digit of 68861?
8
What is the hundreds digit of 5663?
6
What is the hundreds digit of 64787?
7
What is the thousands digit of 2243?
2
What is the thousands digit of 71865?
1
What is the units digit of 203?
3
What is the units digit of 2377?
7
What is the thousands digit of 1320?
1
What is the thousands digit of 32672?
2
What is the ten thousands digit of 10864?
1
What is the units digit of 89431?
1
What is the hundreds digit of 29017?
0
What is the tens digit of 1187?
8
What is the ten thousands digit of 50818?
5
What is the hundreds digit of 3339?
3
What is the units digit of 9012?
2
What is the hundreds digit of 118?
1
What is the hundreds digit of 1442?
4
What is the hundreds digit of 45359?
3
What is the hundreds digit of 1323?
3
What is the tens digit of 491?
9
What is the thousands digit of 81892?
1
What is the ten thousands digit of 80804?
8
What is the tens digit of 105963?
6
What is the tens digit of 518?
1
What is the hundreds digit of 22490?
4
What is the hundreds digit of 13971?
9
What is the hundreds digit of 3796?
7
What is the tens digit of 910?
1
What is the units digit of 34229?
9
What is the tens digit of 92488?
8
What is the tens digit of 788?
8
What is the tens digit of 1777?
7
What is the tens digit of 58880?
8
What is the hundreds digit of 2123?
1
What is the hundreds digit of 4748?
7
What is the thousands digit of 19991?
9
What is the tens digit of 46309?
0
What is the units digit of 466?
6
What is the hundreds digit of 5234?
2
What is the thousands digit of 2825?
2
What is the units digit of 4586?
6
What is the thousands digit of 1034?
1
What is the hundreds digit of 785?
7
What is the hundreds digit of 55045?
0
What is the units digit of 17539?
9
What is the tens digit of 38799?
9
What is the units digit of 6546?
6
What is the units digit of 1972?
2
What is the ten thousands digit of 24109?
2
What is the hundreds digit of 19178?
1
What is the hundreds digit of 16332?
3
What is the units digit of 18803?
3
What is the tens digit of 11469?
6
What is the units digit of 2076?
6
What is the hundreds digit of 50678?
6
What is the tens digit of 14343?
4
What is the tens digit of 5962?
6
What is the hundreds digit of 13125?
1
What is the units digit of 3090?
0
What is the thousands digit of 2684?
2
What is the ten thousands digit of 59982?
5
What is the ten thousands digit of 37470?
3
What is the hundreds digit of 3090?
0
What is the units digit of 688?
8
What is the hundreds digit of 720?
7
What is the thousands digit of 4778?
4
What is the units digit of 20521?
1
What is the tens digit of 736?
3
What is the tens digit of 864?
6
What is the tens digit of 7378?
7
What is the tens digit of 9029?
2
What is the thousands digit of 1945?
1
What is the hundreds digit of 16604?
6
What is the hundreds digit of 31008?
0
What is the thousands digit of 13318?
3
What is the hundreds digit of 26340?
3
What is the tens digit of 40726?
2
What is the thousands digit of 2383?
2
What is the hundreds digit of 69278?
2
What is the units digit of 39?
9
What is the units digit of 175?
5
What is the hundreds digit of 18206?
2
What is the hundreds digit of 776?
7
What is the units digit of 22295?
5
What is the units digit of 477?
7
What is the hundreds digit of 2251?
2
What is the units digit of 619?
9
What is the hundreds digit of 1271?
2
What is the ten thousands digit of 32448?
3
What is the hundreds digit of 21166?
1
What is the ten thousands digit of 23410?
2
What is the tens digit of 1330?
3
What is the units digit of 1052?
2
What is the tens digit of 18276?
7
What is the hundreds digit of 656?
6
What is the units digit of 78?
8
What is the thousands digit of 1497?
1
What is the thousands digit of 4042?
4
What is the tens digit of 105199?
9
What is the thousands digit of 2543?
2
What is the tens digit of 1624?
2
What is the units digit of 1682?
2
What is the tens digit of 42669?
6
What is the units digit of 31?
1
What is the thousands digit of 1863?
1
What is the units digit of 6702?
2
What is the ten thousands digit of 30144?
3
What is the hundreds digit of 229?
2
What is the ten